{"id":72,"date":"2016-09-19T17:46:26","date_gmt":"2016-09-19T17:46:26","guid":{"rendered":"http:\/\/literaturacomparata.ro\/wordpress\/?page_id=72"},"modified":"2026-04-08T14:51:19","modified_gmt":"2026-04-08T11:51:19","slug":"rejoignez-nous","status":"publish","type":"page","link":"https:\/\/literaturacomparata.ro\/aic\/?page_id=72&lang=fr","title":{"rendered":"Rejoignez-nous"},"content":{"rendered":"<p><strong><span style=\"color: #993300;\">ACTA IASSYENSIA COMPARATIONIS no 37 (2026)<\/span> <\/strong><br \/>\n<strong>CITIES IN LITERATURE \/ LA VILLE DANS LA LITT\u00c9RATURE \/ ORA\u015eUL \u00ceN LITERATUR\u0102<\/strong><\/p>\n<p>La date limite pour l\u2019envoi des articles et des comptes rendus (en roumain, anglais, fran\u00e7ais, allemand, espagnol ou italien) est le <span style=\"text-decoration: underline;\">01 septembre 2026<\/span>.<\/p>\n<p>La d\u00e9cision finale du Coll\u00e8ge de r\u00e9daction sera communiqu\u00e9e aux auteurs avant le<br \/>\n<span style=\"text-decoration: underline;\">15 d\u00e9cembre 2026<\/span>.<\/p>\n<p>Corrections (si requises) et commentaires des auteurs seront attendus entre le<br \/>\n<span style=\"text-decoration: underline;\">15 d\u00e9cembre 2025<\/span> et le <span style=\"text-decoration: underline;\">15 janvier 2027<\/span>.<\/p>\n<p>La publication du\u00a0<strong>37<\/strong>e num\u00e9ro d\u2019<strong>AIC<\/strong>\u00a0est programm\u00e9e pour le\u00a0<span style=\"text-decoration: underline;\">30 mars 2027<\/span>.<\/p>\n<hr \/>\n<p>&nbsp;<\/p>\n","protected":false},"excerpt":{"rendered":"<p>ACTA IASSYENSIA COMPARATIONIS no 37 (2026) CITIES IN LITERATURE \/ LA VILLE DANS LA LITT\u00c9RATURE \/ ORA\u015eUL \u00ceN LITERATUR\u0102 La date limite pour l\u2019envoi des articles et des comptes rendus (en roumain, anglais, fran\u00e7ais, allemand, espagnol ou italien) est le 01 septembre 2026. La d\u00e9cision finale du Coll\u00e8ge de r\u00e9daction sera communiqu\u00e9e aux auteurs avant &hellip; <a href=\"https:\/\/literaturacomparata.ro\/aic\/?page_id=72&#038;lang=fr\" class=\"more-link\">Continue reading <span class=\"screen-reader-text\">Rejoignez-nous<\/span> <span class=\"meta-nav\">&rarr;<\/span><\/a><\/p>\n","protected":false},"author":1,"featured_media":0,"parent":208,"menu_order":2,"comment_status":"closed","ping_status":"closed","template":"","meta":[],"_links":{"self":[{"href":"https:\/\/literaturacomparata.ro\/aic\/index.php?rest_route=\/wp\/v2\/pages\/72"}],"collection":[{"href":"https:\/\/literaturacomparata.ro\/aic\/index.php?rest_route=\/wp\/v2\/pages"}],"about":[{"href":"https:\/\/literaturacomparata.ro\/aic\/index.php?rest_route=\/wp\/v2\/types\/page"}],"author":[{"embeddable":true,"href":"https:\/\/literaturacomparata.ro\/aic\/index.php?rest_route=\/wp\/v2\/users\/1"}],"replies":[{"embeddable":true,"href":"https:\/\/literaturacomparata.ro\/aic\/index.php?rest_route=%2Fwp%2Fv2%2Fcomments&post=72"}],"version-history":[{"count":9,"href":"https:\/\/literaturacomparata.ro\/aic\/index.php?rest_route=\/wp\/v2\/pages\/72\/revisions"}],"predecessor-version":[{"id":2681,"href":"https:\/\/literaturacomparata.ro\/aic\/index.php?rest_route=\/wp\/v2\/pages\/72\/revisions\/2681"}],"up":[{"embeddable":true,"href":"https:\/\/literaturacomparata.ro\/aic\/index.php?rest_route=\/wp\/v2\/pages\/208"}],"wp:attachment":[{"href":"https:\/\/literaturacomparata.ro\/aic\/index.php?rest_route=%2Fwp%2Fv2%2Fmedia&parent=72"}],"curies":[{"name":"wp","href":"https:\/\/api.w.org\/{rel}","templated":true}]}}