{"id":68,"date":"2016-09-19T17:41:20","date_gmt":"2016-09-19T17:41:20","guid":{"rendered":"http:\/\/literaturacomparata.ro\/wordpress\/?page_id=68"},"modified":"2026-04-08T14:49:18","modified_gmt":"2026-04-08T11:49:18","slug":"invitatie-la-colaborare","status":"publish","type":"page","link":"https:\/\/literaturacomparata.ro\/aic\/?page_id=68&lang=ro","title":{"rendered":"Invita\u021bie la Colaborare"},"content":{"rendered":"<p><strong><span style=\"color: #993300;\">ACTA IASSYENSIA COMPARATIONIS nr. 37 (2026)<\/span><br \/>\n<\/strong><strong>CITIES IN LITERATURE \/ LA VILLE DANS LA LITT\u00c9RATURE \/ ORA\u015eUL \u00ceN LITERATUR\u0102<\/strong><\/p>\n<p>Data-limit\u0103 pentru trimiterea materialelor (\u00een limbile rom\u00e2n\u0103, englez\u0103, francez\u0103, german\u0103, spaniol\u0103, italian\u0103) este\u00a0<span style=\"text-decoration: underline;\">01 septembrie 2026<\/span>.<\/p>\n<p>Decizia final\u0103 a Colegiului redac\u0163ional \u00een privin\u0163a public\u0103rii lor va fi comunicat\u0103 p\u00e2n\u0103 la data de <span style=\"text-decoration: underline;\">15 decembrie 2026<\/span>.<\/p>\n<p>(Eventualele) corecturi \u015fi comentarii ale autorilor sunt a\u015fteptate \u00eentre<br \/>\n<span style=\"text-decoration: underline;\">15 decembrie 2026<\/span>\u00a0\u015fi\u00a0<span style=\"text-decoration: underline;\">15 ianuarie 2026<\/span>.<\/p>\n<p>Apari\u0163ia num\u0103rului al\u00a0<strong>37<\/strong>-lea al\u00a0<strong>AIC<\/strong>\u00a0este programat\u0103 pentru\u00a0<span style=\"text-decoration: underline;\">30 martie 2027<\/span>.<\/p>\n<hr \/>\n<p>&nbsp;<\/p>\n","protected":false},"excerpt":{"rendered":"<p>ACTA IASSYENSIA COMPARATIONIS nr. 37 (2026) CITIES IN LITERATURE \/ LA VILLE DANS LA LITT\u00c9RATURE \/ ORA\u015eUL \u00ceN LITERATUR\u0102 Data-limit\u0103 pentru trimiterea materialelor (\u00een limbile rom\u00e2n\u0103, englez\u0103, francez\u0103, german\u0103, spaniol\u0103, italian\u0103) este\u00a001 septembrie 2026. Decizia final\u0103 a Colegiului redac\u0163ional \u00een privin\u0163a public\u0103rii lor va fi comunicat\u0103 p\u00e2n\u0103 la data de 15 decembrie 2026. (Eventualele) corecturi &hellip; <a href=\"https:\/\/literaturacomparata.ro\/aic\/?page_id=68&#038;lang=ro\" class=\"more-link\">Continue reading <span class=\"screen-reader-text\">Invita\u021bie la Colaborare<\/span> <span class=\"meta-nav\">&rarr;<\/span><\/a><\/p>\n","protected":false},"author":1,"featured_media":0,"parent":205,"menu_order":2,"comment_status":"closed","ping_status":"closed","template":"","meta":[],"_links":{"self":[{"href":"https:\/\/literaturacomparata.ro\/aic\/index.php?rest_route=\/wp\/v2\/pages\/68"}],"collection":[{"href":"https:\/\/literaturacomparata.ro\/aic\/index.php?rest_route=\/wp\/v2\/pages"}],"about":[{"href":"https:\/\/literaturacomparata.ro\/aic\/index.php?rest_route=\/wp\/v2\/types\/page"}],"author":[{"embeddable":true,"href":"https:\/\/literaturacomparata.ro\/aic\/index.php?rest_route=\/wp\/v2\/users\/1"}],"replies":[{"embeddable":true,"href":"https:\/\/literaturacomparata.ro\/aic\/index.php?rest_route=%2Fwp%2Fv2%2Fcomments&post=68"}],"version-history":[{"count":7,"href":"https:\/\/literaturacomparata.ro\/aic\/index.php?rest_route=\/wp\/v2\/pages\/68\/revisions"}],"predecessor-version":[{"id":2679,"href":"https:\/\/literaturacomparata.ro\/aic\/index.php?rest_route=\/wp\/v2\/pages\/68\/revisions\/2679"}],"up":[{"embeddable":true,"href":"https:\/\/literaturacomparata.ro\/aic\/index.php?rest_route=\/wp\/v2\/pages\/205"}],"wp:attachment":[{"href":"https:\/\/literaturacomparata.ro\/aic\/index.php?rest_route=%2Fwp%2Fv2%2Fmedia&parent=68"}],"curies":[{"name":"wp","href":"https:\/\/api.w.org\/{rel}","templated":true}]}}

Invitație la Colaborare

<p><strong><span style="color: #993300;">ACTA IASSYENSIA COMPARATIONIS nr. 37 (2026)</span><br />
</strong><strong>CITIES IN LITERATURE / LA VILLE DANS LA LITTÉRATURE / ORAŞUL ÎN LITERATURĂ</strong></p>
<p>Data-limită pentru trimiterea materialelor (în limbile română, engleză, franceză, germană, spaniolă, italiană) este <span style="text-decoration: underline;">01 septembrie 2026</span>.</p>
<p>Decizia finală a Colegiului redacţional în privinţa publicării lor va fi comunicată până la data de <span style="text-decoration: underline;">15 decembrie 2026</span>.</p>
<p>(Eventualele) corecturi şi comentarii ale autorilor sunt aşteptate între<br />
<span style="text-decoration: underline;">15 decembrie 2026</span> şi <span style="text-decoration: underline;">15 ianuarie 2026</span>.</p>
<p>Apariţia numărului al <strong>37</strong>-lea al <strong>AIC</strong> este programată pentru <span style="text-decoration: underline;">30 martie 2027</span>.</p>
<hr />
<p>&nbsp;</p>

<p>ACTA IASSYENSIA COMPARATIONIS nr. 37 (2026) CITIES IN LITERATURE / LA VILLE DANS LA LITTÉRATURE / ORAŞUL ÎN LITERATURĂ Data-limită pentru trimiterea materialelor (în limbile română, engleză, franceză, germană, spaniolă, italiană) este 01 septembrie 2026. Decizia finală a Colegiului redacţional în privinţa publicării lor va fi comunicată până la data de 15 decembrie 2026. (Eventualele) corecturi &hellip; <a href="https://literaturacomparata.ro/aic/?page_id=68&#038;lang=ro" class="more-link">Continue reading <span class="screen-reader-text">Invitație la Colaborare</span> <span class="meta-nav">&rarr;</span></a></p>
