{"id":296,"date":"2016-10-04T07:29:47","date_gmt":"2016-10-04T07:29:47","guid":{"rendered":"http:\/\/literaturacomparata.ro\/aic\/?page_id=296"},"modified":"2026-03-30T18:07:59","modified_gmt":"2026-03-30T15:07:59","slug":"numeros-precedents","status":"publish","type":"page","link":"https:\/\/literaturacomparata.ro\/aic\/?page_id=296&lang=fr","title":{"rendered":"Num\u00e9ros pr\u00e9c\u00e9dents"},"content":{"rendered":"<h3 style=\"text-align: left;\" align=\"center\"><strong>NUM\u00c9ROS PR\u00c9C\u00c9DENTS<\/strong><\/h3>\n<hr \/>\n<h6><strong>1\/2003 <\/strong><strong><a href=\"http:\/\/literaturacomparata.ro\/aic\/?page_id=589&amp;lang=fr\" target=\"_blank\" rel=\"noopener noreferrer\">OCCIDENT \/ ORIENT<\/a><\/strong><\/h6>\n<h6><strong>2\/2004 <\/strong><strong><a href=\"http:\/\/literaturacomparata.ro\/aic\/?page_id=580&amp;lang=fr\" target=\"_blank\" rel=\"noopener noreferrer\">IDENTITATE \/ ALTERITATE<\/a><\/strong><\/h6>\n<h6><strong>3\/2005 <\/strong><strong><a href=\"http:\/\/literaturacomparata.ro\/aic\/?page_id=573&amp;lang=fr\" target=\"_blank\" rel=\"noopener noreferrer\">IMAGOLOGIA EXODULUI<\/a><\/strong><\/h6>\n<h6><strong>4\/2006 <\/strong><strong><a href=\"http:\/\/literaturacomparata.ro\/aic\/?page_id=565&amp;lang=fr\" target=\"_blank\" rel=\"noopener noreferrer\">LE POUVOIR<\/a><\/strong><\/h6>\n<h6><strong>5\/2007 <\/strong><strong><a href=\"http:\/\/literaturacomparata.ro\/aic\/?page_id=559&amp;lang=fr\" target=\"_blank\" rel=\"noopener noreferrer\">CENTRE ET PERIPHERIE <\/a><\/strong><\/h6>\n<h6><strong>6\/2008 <\/strong><strong><a href=\"http:\/\/literaturacomparata.ro\/aic\/?page_id=552&amp;lang=fr\" target=\"_blank\" rel=\"noopener noreferrer\">RATIONNEL-IRRATIONNEL<\/a><\/strong><\/h6>\n<h6><strong>7\/2009 <\/strong><span lang=\"ro\" xml:lang=\"ro\"><strong><a href=\"http:\/\/literaturacomparata.ro\/aic\/?page_id=545&amp;lang=fr\" target=\"_blank\" rel=\"noopener noreferrer\">LE (SOU)RIRE <\/a><\/strong><\/span><\/h6>\n<h6><strong>8\/2010 <\/strong><span lang=\"ro\" xml:lang=\"ro\"><strong><a href=\"http:\/\/literaturacomparata.ro\/aic\/?page_id=539&amp;lang=fr\" target=\"_blank\" rel=\"noopener noreferrer\">AUTRES MONDES <\/a><\/strong><\/span><\/h6>\n<h6><strong>9\/2011 <\/strong><span lang=\"ro\" xml:lang=\"ro\"><strong><a href=\"http:\/\/literaturacomparata.ro\/aic\/?page_id=532&amp;lang=fr\" target=\"_blank\" rel=\"noopener noreferrer\">MASQUES <\/a><\/strong><\/span><\/h6>\n<h6><strong>10\/2012 <\/strong><span lang=\"ro\" xml:lang=\"ro\"><strong><a href=\"http:\/\/literaturacomparata.ro\/aic\/?page_id=524&amp;lang=fr\" target=\"_blank\" rel=\"noopener noreferrer\">RITES DE PASSAGE<\/a><\/strong><\/span><\/h6>\n<h6><strong>11\/2013 <\/strong><span lang=\"ro\" xml:lang=\"ro\"><strong><a href=\"http:\/\/literaturacomparata.ro\/aic\/?page_id=516&amp;lang=fr\" target=\"_blank\" rel=\"noopener noreferrer\">MANGER ET BOIRE: PERSPECTIVES CULTURELLES<\/a><\/strong><\/span><\/h6>\n<h6><strong>12\/2013 <\/strong><span lang=\"ro\" xml:lang=\"ro\"><strong><a href=\"http:\/\/literaturacomparata.ro\/aic\/?page_id=501&amp;lang=fr\" target=\"_blank\" rel=\"noopener noreferrer\">QU\u00caTES\u2013 CONQU\u00caTES<\/a><\/strong><\/span><\/h6>\n<h6><strong>13 (1\/2014) <\/strong><span lang=\"ro\" xml:lang=\"ro\"><strong><a href=\"http:\/\/literaturacomparata.ro\/aic\/?page_id=494&amp;lang=fr\" target=\"_blank\" rel=\"noopener noreferrer\">LA HONTE<\/a><\/strong><\/span><\/h6>\n<h6><strong>14 (2\/2014) <\/strong><span lang=\"ro\" xml:lang=\"ro\"><strong><a href=\"http:\/\/literaturacomparata.ro\/aic\/?page_id=486&amp;lang=fr\" target=\"_blank\" rel=\"noopener noreferrer\">ODEUR, SON ET COULEUR<\/a><\/strong><\/span><\/h6>\n<h6><strong>15 (1\/2015) <\/strong><span lang=\"ro\" xml:lang=\"ro\"><strong><a href=\"http:\/\/literaturacomparata.ro\/aic\/?page_id=476&amp;lang=fr\" target=\"_blank\" rel=\"noopener noreferrer\">H\u00c9ROS ET ANTIH\u00c9ROS<\/a><\/strong><\/span><\/h6>\n<h6><strong>16 (2\/2015) <\/strong><span lang=\"ro\" xml:lang=\"ro\"><strong><a href=\"http:\/\/literaturacomparata.ro\/aic\/?page_id=470&amp;lang=fr\" target=\"_blank\" rel=\"noopener noreferrer\">FRONTI\u00c8RES<\/a><\/strong><\/span><\/h6>\n<h6><strong>17 (1\/2016) <\/strong><span lang=\"ro\" xml:lang=\"ro\"><strong><a href=\"http:\/\/literaturacomparata.ro\/aic\/?page_id=463&amp;lang=fr\" target=\"_blank\" rel=\"noopener noreferrer\">FOLIE<\/a><\/strong><\/span><\/h6>\n<h6><strong>18 (2\/2016) <\/strong><span lang=\"ro\" xml:lang=\"ro\"><strong><a href=\"http:\/\/literaturacomparata.ro\/aic\/?page_id=308&amp;lang=fr\" target=\"_blank\" rel=\"noopener noreferrer\">VOYAGES ET VOYAGEURS<\/a><\/strong><\/span><\/h6>\n<h6><strong>19 (1\/2017) <\/strong><span lang=\"ro\" xml:lang=\"ro\"><strong><a href=\"http:\/\/literaturacomparata.ro\/aic\/?page_id=136&amp;lang=fr\" target=\"_blank\" rel=\"noopener noreferrer\">CRISES FAMILIALES<\/a><\/strong><\/span><\/h6>\n<h6><strong>20 (2\/2017) <\/strong><span lang=\"ro\" xml:lang=\"ro\"><strong><a href=\"http:\/\/literaturacomparata.ro\/aic\/?page_id=629&amp;lang=fr\" target=\"_blank\" rel=\"noopener noreferrer\">R\u00caVE ET R\u00c9ALIT\u00c9<\/a><\/strong><\/span><\/h6>\n<h6><strong>21 (1\/2018) <\/strong><span lang=\"ro\" xml:lang=\"ro\"><strong><a href=\"http:\/\/literaturacomparata.ro\/aic\/?page_id=741&amp;lang=en\" target=\"_blank\" rel=\"noopener noreferrer\">FOI ET TRAHISON<\/a><\/strong><\/span><\/h6>\n<h6><strong>22 (2\/2018) <\/strong><span lang=\"ro\" xml:lang=\"ro\"><strong><a href=\"http:\/\/literaturacomparata.ro\/aic\/?page_id=934&amp;lang=fr\" target=\"_blank\" rel=\"noopener noreferrer\">M\u00c9MOIRE ET OUBLI<\/a><\/strong><\/span><\/h6>\n<h6>23 (1\/2019) <a href=\"http:\/\/literaturacomparata.ro\/aic\/?page_id=825&amp;lang=fr\">FR\u00c8RES ENNEMIS<\/a><\/h6>\n<h6>24 (2\/2019) <a href=\"http:\/\/literaturacomparata.ro\/aic\/?page_id=1067&amp;lang=fr\">R\u00c9ALIT\u00c9 \u2013 IRR\u00c9ALIT\u00c9<\/a><\/h6>\n<h6>25 (1\/2020) <a href=\"http:\/\/literaturacomparata.ro\/aic\/?page_id=1148&amp;lang=fr\">HISTOIRE \u2013 HISTOIRES<\/a><\/h6>\n<h6>26 (2\/2020) <a href=\"http:\/\/literaturacomparata.ro\/aic\/?page_id=1461&amp;lang=fr\">R\u00c9\u00c9CRITURE ET R\u00c9INTERPR\u00c9TATION<\/a><\/h6>\n<h6>27 (1\/2021) <a href=\"http:\/\/literaturacomparata.ro\/aic\/?page_id=1504&amp;lang=fr\">LA HAINE<\/a><\/h6>\n<h6>28 (2\/2021) <a href=\"http:\/\/literaturacomparata.ro\/aic\/?page_id=1653&amp;lang=fr\">LA LITT\u00c9RATURE ET LA CULTURE POP<\/a><\/h6>\n<h6>29 (1\/2022) <a href=\"http:\/\/literaturacomparata.ro\/aic\/?page_id=1713&amp;lang=fr\">LES MONSTRES DANS LA LITT\u00c9RATURE<\/a><\/h6>\n<h6>30 (2\/2022) <a href=\"http:\/\/literaturacomparata.ro\/aic\/?page_id=1868&amp;lang=fr\">LIVRES ET L\u2019\u00c9CRITURE DES LIVRES DANS LA LITT\u00c9RATURE<\/a><\/h6>\n<h6>31 (1\/2023) <a href=\"https:\/\/literaturacomparata.ro\/aic\/?page_id=1596&amp;lang=fr\">LE CORPS HUMAIN ET LA CORPORALIT\u00c9 DANS LA LITT\u00c9RATURE<\/a><\/h6>\n<h6>32 (2\/2023) <a href=\"https:\/\/literaturacomparata.ro\/aic\/?page_id=2040&amp;lang=fr\">LITT\u00c9RATURE ET FILM <\/a><\/h6>\n<h6>33 (1\/2024) LA GUERRE DANS LA LITT\u00c9RATURE<\/h6>\n<h6>34 (2\/2024) <!--StartFragment --><a href=\"https:\/\/literaturacomparata.ro\/aic\/?page_id=2202&amp;lang=fr\"><span class=\"cf0\">LE R\u00caVE DANS LA LITT\u00c9RATURE<\/span><\/a><!--EndFragment --><\/h6>\n<h6>35 (1\/2025) <!--StartFragment --><a href=\"https:\/\/literaturacomparata.ro\/aic\/?page_id=2316&amp;lang=ro\"><span class=\"cf0\">LA TENTATION<\/span><\/a><\/h6>\n","protected":false},"excerpt":{"rendered":"<p>NUM\u00c9ROS PR\u00c9C\u00c9DENTS 1\/2003 OCCIDENT \/ ORIENT 2\/2004 IDENTITATE \/ ALTERITATE 3\/2005 IMAGOLOGIA EXODULUI 4\/2006 LE POUVOIR 5\/2007 CENTRE ET PERIPHERIE 6\/2008 RATIONNEL-IRRATIONNEL 7\/2009 LE (SOU)RIRE 8\/2010 AUTRES MONDES 9\/2011 MASQUES 10\/2012 RITES DE PASSAGE 11\/2013 MANGER ET BOIRE: PERSPECTIVES CULTURELLES 12\/2013 QU\u00caTES\u2013 CONQU\u00caTES 13 (1\/2014) LA HONTE 14 (2\/2014) ODEUR, SON ET COULEUR 15 (1\/2015) &hellip; <a href=\"https:\/\/literaturacomparata.ro\/aic\/?page_id=296&#038;lang=fr\" class=\"more-link\">Continue reading <span class=\"screen-reader-text\">Num\u00e9ros pr\u00e9c\u00e9dents<\/span> <span class=\"meta-nav\">&rarr;<\/span><\/a><\/p>\n","protected":false},"author":1,"featured_media":0,"parent":190,"menu_order":0,"comment_status":"closed","ping_status":"closed","template":"","meta":[],"_links":{"self":[{"href":"https:\/\/literaturacomparata.ro\/aic\/index.php?rest_route=\/wp\/v2\/pages\/296"}],"collection":[{"href":"https:\/\/literaturacomparata.ro\/aic\/index.php?rest_route=\/wp\/v2\/pages"}],"about":[{"href":"https:\/\/literaturacomparata.ro\/aic\/index.php?rest_route=\/wp\/v2\/types\/page"}],"author":[{"embeddable":true,"href":"https:\/\/literaturacomparata.ro\/aic\/index.php?rest_route=\/wp\/v2\/users\/1"}],"replies":[{"embeddable":true,"href":"https:\/\/literaturacomparata.ro\/aic\/index.php?rest_route=%2Fwp%2Fv2%2Fcomments&post=296"}],"version-history":[{"count":33,"href":"https:\/\/literaturacomparata.ro\/aic\/index.php?rest_route=\/wp\/v2\/pages\/296\/revisions"}],"predecessor-version":[{"id":2558,"href":"https:\/\/literaturacomparata.ro\/aic\/index.php?rest_route=\/wp\/v2\/pages\/296\/revisions\/2558"}],"up":[{"embeddable":true,"href":"https:\/\/literaturacomparata.ro\/aic\/index.php?rest_route=\/wp\/v2\/pages\/190"}],"wp:attachment":[{"href":"https:\/\/literaturacomparata.ro\/aic\/index.php?rest_route=%2Fwp%2Fv2%2Fmedia&parent=296"}],"curies":[{"name":"wp","href":"https:\/\/api.w.org\/{rel}","templated":true}]}}