{"id":2563,"date":"2026-04-01T15:29:59","date_gmt":"2026-04-01T12:29:59","guid":{"rendered":"https:\/\/literaturacomparata.ro\/aic\/?page_id=2563"},"modified":"2026-04-06T16:50:28","modified_gmt":"2026-04-06T13:50:28","slug":"current-issuex","status":"publish","type":"page","link":"https:\/\/literaturacomparata.ro\/aic\/?page_id=2563&lang=en","title":{"rendered":"Current Issue"},"content":{"rendered":"<h3 style=\"text-align: left;\" align=\"center\"><strong><span style=\"color: #993300;\">ACTA IASSYENSIA COMPARATIONIS 36 (2\/2025)<\/span><br \/>\nMYTH AND MAGIC IN LITERATURE \/ MYTH AND MAGIC IN LITERATURE \/ MITUL \u015eI MAGIA \u00ceN LITERATUR\u0102<\/strong><\/h3>\n<hr \/>\n<h4 align=\"leftr\"><strong><a href=\"https:\/\/www.literaturacomparata.ro\/Site_Acta\/issues\/aic-36\/36-full.pdf\"><img decoding=\"async\" loading=\"lazy\" class=\"alignleft wp-image-2560 size-full\" src=\"http:\/\/literaturacomparata.ro\/aic\/wp-content\/uploads\/2026\/04\/35-cover-small.jpg\" alt=\"\" width=\"212\" height=\"300\" \/><\/a><\/strong><br \/>\nContents<\/h4>\n<p><a href=\"https:\/\/www.literaturacomparata.ro\/Site_Acta\/issues\/aic-34\/01-Bourdier.pdf\"><!--StartFragment --><\/a><!--StartFragment -->Jean-Nicolas JACQUES<br \/>\n<a href=\"https:\/\/www.literaturacomparata.ro\/Site_Acta\/issues\/aic-36\/01-Jacques.pdf\">Magie et recherche de sens en p\u00e9riode culturelle anomique: le cas de <em>L\u2019\u00c2ne d\u2019or<\/em> d\u2019Apul\u00e9e<\/a><br \/>\nDOI: <a href=\"https:\/\/doi.org\/10.47743\/aic-2025-2-0001\">10.47743\/aic-2025-2-0001<\/a><\/p>\n<p>K\u00e9vin CHANUT-CHAIZE<br \/>\n<a href=\"https:\/\/www.literaturacomparata.ro\/Site_Acta\/issues\/aic-36\/02-Chaize.pdf\">Las metamorfosis plurales en el mito de Dafne y Apolo en cuatro f\u00e1bulas \u00e1ureas<\/a><br \/>\nDOI: <a href=\"https:\/\/doi.org\/10.47743\/aic-2025-2-0002\">10.47743\/aic-2025-2-0002<\/a><\/p>\n<p>Andrei Victor COJOCARU<br \/>\n<a href=\"https:\/\/www.literaturacomparata.ro\/Site_Acta\/issues\/aic-36\/03-Cojocaru.pdf\">Simbolistica \u015fi rolurile zeului Amor \u00een romanul lui Lucius Apuleius<\/a><br \/>\nDOI: <a href=\"https:\/\/doi.org\/10.47743\/aic-2025-2-0003\">10.47743\/aic-2025-2-0003<\/a><\/p>\n<p>Mihaela CERN\u0102U\u0162I-GORODE\u0162CHI<br \/>\n<a href=\"https:\/\/www.literaturacomparata.ro\/Site_Acta\/issues\/aic-36\/04-Cernauti.pdf\">Rhetoric as Black\/White Magic in Classic Eastern Narratives<\/a><br \/>\nDOI: <a href=\"https:\/\/doi.org\/10.47743\/aic-2025-2-0004\">10.47743\/aic-2025-2-0004<\/a><\/p>\n<p>Laurent BALAGU\u00c9<br \/>\n<a href=\"https:\/\/www.literaturacomparata.ro\/Site_Acta\/issues\/aic-36\/05-Balague.pdf\"><em>La montagne magique<\/em> de Thomas Mann: entre d\u00e9mystification et affirmation du mythe<\/a><br \/>\nDOI: <a href=\"https:\/\/doi.org\/10.47743\/aic-2025-2-0005\">10.47743\/aic-2025-2-0005<\/a><\/p>\n<p>Ileana Oana MACARI, Cristina Anca BUR\u021aIL\u0102<br \/>\n<a href=\"https:\/\/www.literaturacomparata.ro\/Site_Acta\/issues\/aic-36\/06-Macari-Burtila.pdf\">Myth as Cultural Bridge: Archetypes and Sacred Space in Neil Gaiman\u2019s <em>The Graveyard Book<\/em><\/a><br \/>\nDOI: <a href=\"https:\/\/doi.org\/10.47743\/aic-2025-2-0006\">10.47743\/aic-2025-2-0006<\/a><\/p>\n<p>Outhman BOUTISANE<br \/>\n<a href=\"https:\/\/www.literaturacomparata.ro\/Site_Acta\/issues\/aic-36\/07-Boutisane.pdf\">R\u00e9sonances mythiques: l\u2019imaginaire de la souffrance dans <em>Les mille maisons du r\u00eave et de la terreur<\/em> et <em>Terre et cendres<\/em> d\u2019Atiq Rahimi<\/a><br \/>\nDOI: <a href=\"https:\/\/doi.org\/10.47743\/aic-2025-2-0007\">10.47743\/aic-2025-2-0007<\/a><\/p>\n<p>Adrian CRUPA<br \/>\n<a href=\"https:\/\/www.literaturacomparata.ro\/Site_Acta\/issues\/aic-36\/08-Crupa.pdf\">\u00centre mitul progresului \u015fi <em>regressus ad uterum<\/em>: Considera\u0163ii asupra g\u00e2ndirii umaniste a lui Tzvetan Todorov<\/a><br \/>\nDOI: <a href=\"https:\/\/doi.org\/10.47743\/aic-2025-2-0008\">10.47743\/aic-2025-2-0008<\/a><\/p>\n<p>RECENSION<\/p>\n<p>Roxanne EWOUDOU<br \/>\n<a href=\"https:\/\/www.literaturacomparata.ro\/Site_Acta\/issues\/aic-36\/09-Ewoudou.pdf\">Armel J. Ngamaleu (dir.) (2021). <em>Histoire d\u2019une particule couronn\u00e9e et autres nouvelles<\/em>. Brest: \u00c9ditions Stellamaris, 124 p.<\/a><br \/>\nDOI: <a href=\"https:\/\/doi.org\/10.47743\/aic-2025-2-0009\">10.47743\/aic-2025-2-0009<\/a><\/p>\n<p>Andrei Victor COJOCARU<br \/>\n<a href=\"https:\/\/www.literaturacomparata.ro\/Site_Acta\/issues\/aic-36\/10-Cojocaru.pdf\">Constantina Raveca Buleu. <em>Interhermeneutica<\/em> (2025). Cluj-Napoca: Casa c\u0103r\u0163ii de \u015ftiin\u0163\u0103, 308 p.<\/a><br \/>\nDOI: <a href=\"https:\/\/doi.org\/10.47743\/aic-2025-2-0010\">10.47743\/aic-2025-2-0010<\/a><\/p>\n<p>Alexandra-Maria VR\u00ceNCEANU<br \/>\n<a href=\"https:\/\/www.literaturacomparata.ro\/Site_Acta\/issues\/aic-36\/11-Vrinceanu.pdf\">M\u0103d\u0103lina Elena Mandici (2023). <em>Female Readers in the Victorian Novel<\/em>. Bucure\u015fti: ProUniversitaria, 286 p.<\/a><br \/>\nDOI: <a href=\"https:\/\/doi.org\/10.47743\/aic-2025-2-0011\">10.47743\/aic-2025-2-0011<\/a><\/p>\n<p>Ioana Alexandra PAV\u0102L<br \/>\n<a href=\"https:\/\/www.literaturacomparata.ro\/Site_Acta\/issues\/aic-36\/12-Paval.pdf\">Lavinia Ienceanu (2023). <em>Metamorfoze \u015fi anamorfoze arhetipale<\/em> \u00een Asuntos de un hidalgo disoluto. Suceava: Editura Universit\u0103\u0163ii \u201e\u015etefan cel Mare\u201d, 524 p.<\/a><br \/>\nDOI: <a href=\"https:\/\/doi.org\/10.47743\/aic-2025-2-0012\">10.47743\/aic-2025-2-0012<\/a><\/p>\n<hr \/>\n<p><a href=\"https:\/\/www.literaturacomparata.ro\/Site_Acta\/issues\/aic-36\/36-full.pdf\"><strong>AIC 36<\/strong>\u00a0&#8211; Full Issue (PDF)<\/a>.<\/p>\n","protected":false},"excerpt":{"rendered":"<p>ACTA IASSYENSIA COMPARATIONIS 36 (2\/2025) MYTH AND MAGIC IN LITERATURE \/ MYTH AND MAGIC IN LITERATURE \/ MITUL \u015eI MAGIA \u00ceN LITERATUR\u0102 Contents Jean-Nicolas JACQUES Magie et recherche de sens en p\u00e9riode culturelle anomique: le cas de L\u2019\u00c2ne d\u2019or d\u2019Apul\u00e9e DOI: 10.47743\/aic-2025-2-0001 K\u00e9vin CHANUT-CHAIZE Las metamorfosis plurales en el mito de Dafne y Apolo en &hellip; <a href=\"https:\/\/literaturacomparata.ro\/aic\/?page_id=2563&#038;lang=en\" class=\"more-link\">Continue reading <span class=\"screen-reader-text\">Current Issue<\/span> <span class=\"meta-nav\">&rarr;<\/span><\/a><\/p>\n","protected":false},"author":1,"featured_media":0,"parent":0,"menu_order":1,"comment_status":"closed","ping_status":"closed","template":"","meta":[],"_links":{"self":[{"href":"https:\/\/literaturacomparata.ro\/aic\/index.php?rest_route=\/wp\/v2\/pages\/2563"}],"collection":[{"href":"https:\/\/literaturacomparata.ro\/aic\/index.php?rest_route=\/wp\/v2\/pages"}],"about":[{"href":"https:\/\/literaturacomparata.ro\/aic\/index.php?rest_route=\/wp\/v2\/types\/page"}],"author":[{"embeddable":true,"href":"https:\/\/literaturacomparata.ro\/aic\/index.php?rest_route=\/wp\/v2\/users\/1"}],"replies":[{"embeddable":true,"href":"https:\/\/literaturacomparata.ro\/aic\/index.php?rest_route=%2Fwp%2Fv2%2Fcomments&post=2563"}],"version-history":[{"count":13,"href":"https:\/\/literaturacomparata.ro\/aic\/index.php?rest_route=\/wp\/v2\/pages\/2563\/revisions"}],"predecessor-version":[{"id":2662,"href":"https:\/\/literaturacomparata.ro\/aic\/index.php?rest_route=\/wp\/v2\/pages\/2563\/revisions\/2662"}],"wp:attachment":[{"href":"https:\/\/literaturacomparata.ro\/aic\/index.php?rest_route=%2Fwp%2Fv2%2Fmedia&parent=2563"}],"curies":[{"name":"wp","href":"https:\/\/api.w.org\/{rel}","templated":true}]}}