{"id":2199,"date":"2025-02-22T14:18:25","date_gmt":"2025-02-22T11:18:25","guid":{"rendered":"https:\/\/literaturacomparata.ro\/aic\/?page_id=2199"},"modified":"2025-07-27T15:33:15","modified_gmt":"2025-07-27T12:33:15","slug":"numar-curent-2","status":"publish","type":"page","link":"https:\/\/literaturacomparata.ro\/aic\/?page_id=2199&lang=ro","title":{"rendered":"34 (2\/2024) VISUL \u00ceN LITERATUR\u0102"},"content":{"rendered":"<h3 style=\"text-align: left;\" align=\"center\"><strong><span style=\"color: #993300;\">ACTA IASSYENSIA COMPARATIONIS 34 (2\/2024)<\/span><br \/>\n<\/strong><strong>DREAM IN LITERATURE \/ LE R\u00caVE DANS LA LITT\u00c9RATURE \/ VISUL \u00ceN LITERATUR\u0102<\/strong><\/h3>\n<hr \/>\n<h4 style=\"text-align: left;\" align=\"center\"><strong><a href=\"https:\/\/www.literaturacomparata.ro\/Site_Acta\/issues\/aic-34\/AIC_34_FULL.pdf\"><img decoding=\"async\" loading=\"lazy\" class=\"alignleft wp-image-2223 size-full\" src=\"http:\/\/literaturacomparata.ro\/aic\/wp-content\/uploads\/2025\/02\/34-Coperta-mica-1.jpg\" alt=\"\" width=\"212\" height=\"300\" \/><\/a><br \/>\nCuprins<\/strong><\/h4>\n<p>Juliette BLUE BOURDIER<br \/>\n<a href=\"https:\/\/www.literaturacomparata.ro\/Site_Acta\/issues\/aic-34\/01-Bourdier.pdf\">L\u2019au-del\u00e0, destination du voyage onirique sublim\u00e9<\/a><br \/>\n<span style=\"color: #000000;\">DOI: <\/span><a href=\"https:\/\/doi.org\/10.47743\/aic-2024-2-0001\"><span style=\"color: #000000;\">10.47743\/aic-2024-2-0001<\/span><\/a><\/p>\n<p>Gabriel-Marian MITREA<br \/>\n<a href=\"https:\/\/www.literaturacomparata.ro\/Site_Acta\/issues\/aic-34\/02-Mitrea_Layout.pdf\">Via\u0163a este vis sau visul este via\u0163a? Problema identit\u0103\u0163ii lui Segismundo analizat\u0103 prin motivul dublului<\/a><br \/>\n<span style=\"color: #000000;\">DOI: <\/span><a href=\"https:\/\/doi.org\/10.47743\/aic-2024-2-0002\"><span style=\"color: #000000;\">10.47743\/aic-2024-2-0002<\/span><\/a><\/p>\n<p>&nbsp;<\/p>\n<p>Ana Mar\u00eda ALONSO FERN\u00c1NDEZ<br \/>\n<a href=\"https:\/\/www.literaturacomparata.ro\/Site_Acta\/issues\/aic-34\/03-Fernandez_Layout.pdf\">El sue\u00f1o en tres comedias de Shakespeare<\/a><br \/>\n<span style=\"color: #000000;\">DOI: <\/span><a href=\"https:\/\/doi.org\/10.47743\/aic-2024-2-0003\"><span style=\"color: #000000;\">10.47743\/aic-2024-2-0003<\/span><\/a><\/p>\n<p>Yinan ZHOU<br \/>\n<a href=\"https:\/\/www.literaturacomparata.ro\/Site_Acta\/issues\/aic-34\/04-Yinan_Layout.pdf\">R\u00eaver de la famille et de l\u2019amiti\u00e9 : une autoth\u00e9rapie po\u00e9tique \u00e0 l\u2019\u00e9poque des Tang<\/a><br \/>\n<span style=\"color: #000000;\">DOI: <\/span><a href=\"https:\/\/doi.org\/10.47743\/aic-2024-2-0004\"><span style=\"color: #000000;\">10.47743\/aic-2024-2-0004<\/span><\/a><\/p>\n<p>Randa HOBBI<br \/>\n<a href=\"https:\/\/www.literaturacomparata.ro\/Site_Acta\/issues\/aic-34\/05-Hobbi_Layout.pdf\">Victor Hugo and John Keats: A Psychological Landscape for Poetic Dreams<\/a><br \/>\n<span style=\"color: #000000;\">DOI: <\/span><a href=\"https:\/\/doi.org\/10.47743\/aic-2024-2-0005\"><span style=\"color: #000000;\">10.47743\/aic-2024-2-0005<\/span><\/a><\/p>\n<p>Helena B. CATAL\u00c3O<br \/>\n<a href=\"https:\/\/www.literaturacomparata.ro\/Site_Acta\/issues\/aic-34\/06-Catalao_Layout.pdf\">Les R\u00eaves de Winston Smith. Une Interpr\u00e9tation Testimoniale de 1984 de George Orwell<\/a><br \/>\n<span style=\"color: #000000;\">DOI: <\/span><a href=\"https:\/\/doi.org\/10.47743\/aic-2024-2-0006\"><span style=\"color: #000000;\">10.47743\/aic-2024-2-0006<\/span><\/a><\/p>\n<p>Andrei Victor COJOCARU<br \/>\n<a href=\"https:\/\/www.literaturacomparata.ro\/Site_Acta\/issues\/aic-34\/07-Cojocaru_Layout.pdf\">Facts and Fiction in Raskolnikov\u2019s First Dream<\/a><br \/>\n<span style=\"color: #000000;\">DOI: <\/span><a href=\"https:\/\/doi.org\/10.47743\/aic-2024-2-0007\"><span style=\"color: #000000;\">10.47743\/aic-2024-2-0007<\/span><\/a><\/p>\n<p>Adriana Ioana Giorgiana COLIBABA<br \/>\n<a href=\"https:\/\/www.literaturacomparata.ro\/Site_Acta\/issues\/aic-34\/08-Colibaba_Layout.pdf\">Reality and Illusion in <em>A Streetcar Named Desire<\/em><\/a><br \/>\n<span style=\"color: #000000;\">DOI: <\/span><a href=\"https:\/\/doi.org\/10.47743\/aic-2024-2-0008\"><span style=\"color: #000000;\">10.47743\/aic-2024-2-0008<\/span><\/a><\/p>\n<p>R\u0103zvan VENTURA<br \/>\n<a href=\"https:\/\/www.literaturacomparata.ro\/Site_Acta\/issues\/aic-34\/09-Ventura_Layout.pdf\">Le vide dans les r\u00eaves de Marguerite Yourcenar<\/a><br \/>\n<span style=\"color: #000000;\">DOI: <\/span><a href=\"https:\/\/doi.org\/10.47743\/aic-2024-2-0009\"><span style=\"color: #000000;\">10.47743\/aic-2024-2-0009<\/span><\/a><\/p>\n<p>Myl\u00e8ne MANDART<br \/>\n<a href=\"https:\/\/www.literaturacomparata.ro\/Site_Acta\/issues\/aic-34\/10-Mandart_Layout.pdf\">Ana Blandiana y los terrenos sin l\u00edmites del sue\u00f1o<\/a><br \/>\n<span style=\"color: #000000;\">DOI: <\/span><a href=\"https:\/\/doi.org\/10.47743\/aic-2024-2-0010\"><span style=\"color: #000000;\">10.47743\/aic-2024-2-0010<\/span><\/a><\/p>\n<p>Laurent BALAGUE<br \/>\n<a href=\"https:\/\/www.literaturacomparata.ro\/Site_Acta\/issues\/aic-34\/11-Balague_Layout.pdf\">Le r\u00eave dans <em>La modification<\/em> de Michel Butor: une mise en oeuvre de la r\u00eaverie herm\u00e9neutique merleau-pontyenne<\/a><br \/>\n<span style=\"color: #000000;\">DOI: <\/span><a href=\"https:\/\/doi.org\/10.47743\/aic-2024-2-0011\"><span style=\"color: #000000;\">10.47743\/aic-2024-2-0011<\/span><\/a><\/p>\n<p>Nadia TEBBINI<br \/>\n<a href=\"https:\/\/www.literaturacomparata.ro\/Site_Acta\/issues\/aic-34\/12-Tebbini_Layout.pdf\">L\u2019onirismo nel racconto <em>Ragazza che precipita<\/em> di Dino Buzzati: Anatomia di una caduta<\/a><br \/>\n<span style=\"color: #000000;\">DOI: <\/span><a href=\"https:\/\/doi.org\/10.47743\/aic-2024-2-0012\"><span style=\"color: #000000;\">10.47743\/aic-2024-2-0012<\/span><\/a><\/p>\n<p>Mihaela CERN\u0102U\u0162I-GORODE\u0162CHI<br \/>\n<a href=\"https:\/\/www.literaturacomparata.ro\/Site_Acta\/issues\/aic-34\/13-Cernauti_Layout.pdf\">Dream and Dreaming in Yan Lianke\u2019s Fiction: <em>The Dream of Ding Village<\/em> and <em>The Day the Sun Died<\/em><\/a><br \/>\n<span style=\"color: #000000;\">DOI: <\/span><a href=\"https:\/\/doi.org\/10.47743\/aic-2024-2-0013\"><span style=\"color: #000000;\">10.47743\/aic-2024-2-0013<\/span><\/a><\/p>\n<p>Sarah AGOU<br \/>\n<a href=\"https:\/\/www.literaturacomparata.ro\/Site_Acta\/issues\/aic-34\/14-Agou_Layout.pdf\">\u00abJe r\u00eave du retour\u00bb. Jos\u00e9phine Bacon, po\u00e9tesse de la Toundra et nomade des r\u00eaves<\/a><br \/>\n<span style=\"color: #000000;\">DOI: <\/span><a href=\"https:\/\/doi.org\/10.47743\/aic-2024-2-0014\"><span style=\"color: #000000;\">10.47743\/aic-2024-2-0014<\/span><\/a><\/p>\n<p>M\u0103d\u0103lina CECIULEAC<br \/>\n<a href=\"https:\/\/www.literaturacomparata.ro\/Site_Acta\/issues\/aic-34\/15-Ceciuleac_Layout.pdf\">\u00centre (supra)veghere \u015fi vis(are) \u00een teatrul lui Matei Vi\u015fniec<\/a><br \/>\n<span style=\"color: #000000;\">DOI: <\/span><a href=\"https:\/\/doi.org\/10.47743\/aic-2024-2-0015\"><span style=\"color: #000000;\">10.47743\/aic-2024-2-0015<\/span><\/a><\/p>\n<p>Agust\u00edn Alejandro BERGONCE<br \/>\n<a href=\"https:\/\/www.literaturacomparata.ro\/Site_Acta\/issues\/aic-34\/16-Bergonce_Layout.pdf\">Ana Porr\u00faa (2023). <em>Aerogramas<\/em>. Santiago deChile: Bulk Editores, 88 p.<\/a><br \/>\n<span style=\"color: #000000;\">DOI: <\/span><a href=\"https:\/\/doi.org\/10.47743\/aic-2024-2-0016\"><span style=\"color: #000000;\">10.47743\/aic-2024-2-0016<\/span><\/a><\/p>\n<p>Mihai BALTAG<br \/>\n<a href=\"https:\/\/www.literaturacomparata.ro\/Site_Acta\/issues\/aic-34\/17-Baltag_Layout.pdf\">Iulian-Gabriel Hru\u015fc\u0103 (2020). <em>\u0389 \u03c4\u03d6\u03bd \u0388\u03bb\u03bb\u03ae\u03bd\u03c9\u03bd \u03b3\u03bb\u03d6\u03c4\u03c4\u03b1. Introducere \u00een morfologia limbii grece\u015fti<\/em>. Volumul I. Ia\u015fi: Editura Vasilian\u0103 \u201998, 250 p.<\/a><br \/>\n<span style=\"color: #000000;\">DOI: <\/span><a href=\"https:\/\/doi.org\/10.47743\/aic-2024-2-0017\"><span style=\"color: #000000;\">10.47743\/aic-2024-2-0017<\/span><\/a><\/p>\n<hr \/>\n<p><a href=\"https:\/\/www.literaturacomparata.ro\/Site_Acta\/issues\/aic-34\/AIC_34_FULL.pdf\">AIC 34 \u2013 Full Issue (PDF)<\/a>.<\/p>\n","protected":false},"excerpt":{"rendered":"<p>ACTA IASSYENSIA COMPARATIONIS 34 (2\/2024) DREAM IN LITERATURE \/ LE R\u00caVE DANS LA LITT\u00c9RATURE \/ VISUL \u00ceN LITERATUR\u0102 Cuprins Juliette BLUE BOURDIER L\u2019au-del\u00e0, destination du voyage onirique sublim\u00e9 DOI: 10.47743\/aic-2024-2-0001 Gabriel-Marian MITREA Via\u0163a este vis sau visul este via\u0163a? Problema identit\u0103\u0163ii lui Segismundo analizat\u0103 prin motivul dublului DOI: 10.47743\/aic-2024-2-0002 &nbsp; Ana Mar\u00eda ALONSO FERN\u00c1NDEZ El &hellip; <a href=\"https:\/\/literaturacomparata.ro\/aic\/?page_id=2199&#038;lang=ro\" class=\"more-link\">Continue reading <span class=\"screen-reader-text\">34 (2\/2024) VISUL \u00ceN LITERATUR\u0102<\/span> <span class=\"meta-nav\">&rarr;<\/span><\/a><\/p>\n","protected":false},"author":1,"featured_media":0,"parent":293,"menu_order":84,"comment_status":"closed","ping_status":"closed","template":"","meta":[],"_links":{"self":[{"href":"https:\/\/literaturacomparata.ro\/aic\/index.php?rest_route=\/wp\/v2\/pages\/2199"}],"collection":[{"href":"https:\/\/literaturacomparata.ro\/aic\/index.php?rest_route=\/wp\/v2\/pages"}],"about":[{"href":"https:\/\/literaturacomparata.ro\/aic\/index.php?rest_route=\/wp\/v2\/types\/page"}],"author":[{"embeddable":true,"href":"https:\/\/literaturacomparata.ro\/aic\/index.php?rest_route=\/wp\/v2\/users\/1"}],"replies":[{"embeddable":true,"href":"https:\/\/literaturacomparata.ro\/aic\/index.php?rest_route=%2Fwp%2Fv2%2Fcomments&post=2199"}],"version-history":[{"count":10,"href":"https:\/\/literaturacomparata.ro\/aic\/index.php?rest_route=\/wp\/v2\/pages\/2199\/revisions"}],"predecessor-version":[{"id":2321,"href":"https:\/\/literaturacomparata.ro\/aic\/index.php?rest_route=\/wp\/v2\/pages\/2199\/revisions\/2321"}],"up":[{"embeddable":true,"href":"https:\/\/literaturacomparata.ro\/aic\/index.php?rest_route=\/wp\/v2\/pages\/293"}],"wp:attachment":[{"href":"https:\/\/literaturacomparata.ro\/aic\/index.php?rest_route=%2Fwp%2Fv2%2Fmedia&parent=2199"}],"curies":[{"name":"wp","href":"https:\/\/api.w.org\/{rel}","templated":true}]}}