{"id":1022,"date":"2019-11-23T13:07:25","date_gmt":"2019-11-23T10:07:25","guid":{"rendered":"http:\/\/literaturacomparata.ro\/aic\/?page_id=1022"},"modified":"2021-11-19T12:18:12","modified_gmt":"2021-11-19T09:18:12","slug":"numar-special-2019","status":"publish","type":"page","link":"https:\/\/literaturacomparata.ro\/aic\/?page_id=1022&lang=ro","title":{"rendered":"Num\u0103r Special 2019"},"content":{"rendered":"<h4 style=\"text-align: left;\" align=\"center\"><strong>ACTA IASSYENSIA COMPARATIONIS, SPECIAL ISSUE<\/strong><strong> 2019<br \/>\nMAGELLAN &amp; ELCANO 500. DE LA CIRCUMNAVIGARE LA GLOBALIZARE<br \/>\n<\/strong><\/h4>\n<hr \/>\n<p><a href=\"http:\/\/literaturacomparata.ro\/Site_Acta\/issues\/aic-special19\/AIC_SI2_2019_FULL.pdf\" target=\"_blank\" rel=\"noopener noreferrer\"><img decoding=\"async\" loading=\"lazy\" class=\"alignleft wp-image-1013 size-full\" src=\"http:\/\/literaturacomparata.ro\/aic\/wp-content\/uploads\/2019\/11\/Cover-Special2019-1.png\" alt=\"\" width=\"216\" height=\"305\" srcset=\"https:\/\/literaturacomparata.ro\/aic\/wp-content\/uploads\/2019\/11\/Cover-Special2019-1.png 216w, https:\/\/literaturacomparata.ro\/aic\/wp-content\/uploads\/2019\/11\/Cover-Special2019-1-212x300.png 212w\" sizes=\"(max-width: 216px) 100vw, 216px\" \/><\/a>Pentru a s\u0103rb\u0103tori al V-lea centenar al circumnavig\u0103rii P\u0103m\u00e2ntului, pe eroii acestei aventuri, dar \u015fi patrimoniul cultural \u015fi material inestimabil l\u0103sat omenirii de Epoca Marilor Descoperiri Geografice, num\u0103rul special 2019 al revistei AIC reune\u015fte lucr\u0103ri din domeniile literatur\u0103 comparat\u0103, lingvistic\u0103, istoriografie, studii coloniale \u015fi postcoloniale, \u015ftiin\u0163e ale educa\u0163iei, semnate de speciali\u015fti din Portugalia, Brazilia, Argentina, Grecia \u015fi Rom\u00e2nia.<\/p>\n<p>Cei 500 de ani care au trecut, de c\u00e2nd portughezul Fern\u00e3o de Magalh\u00e3es \u015fi spaniolul Juan Sebasti\u00e1n Elcano au \u00eentreprins cea mai spectaculoas\u0103 aventur\u0103 nautic\u0103 din istorie, au schimbat \u2013 complet \u015fi pentru totdeauna \u2013 felul \u00een care \u00een\u0163elegem lumea. Expedi\u0163ia naval\u0103, care a revenit pe teritoriul Spaniei dup\u0103 o c\u0103l\u0103torie de trei ani (1519-1522), a reu\u015fit nu numai s\u0103 g\u0103seasc\u0103 o nou\u0103 cale spre r\u00e2vnitele \u201einsule ale mirodeniilor\u201d, ci s\u0103 \u015fi confirme c\u0103 P\u0103m\u00e2ntul este sferic. Aceast\u0103 c\u0103l\u0103torie istoric\u0103 a deschis calea c\u0103tre lumea globalizat\u0103, apropiind \u0163\u0103ri \u015fi continente, l\u0103rgind orizontul cultural \u015fi \u00eencuraj\u00e2nd difuziunea \u015fi schimbul de noi idei.<\/p>\n<p><img decoding=\"async\" loading=\"lazy\" class=\"aligncenter wp-image-915\" src=\"http:\/\/literaturacomparata.ro\/aic\/wp-content\/uploads\/2016\/10\/97494330-ship-steering-wheel-and-compass-rose-navigation-symbol-or-logo-isolated-on-white-background-vector-i.jpg\" alt=\"\" width=\"56\" height=\"56\" \/><\/p>\n<hr \/>\n<h4 style=\"text-align: left;\" align=\"center\"><strong>MAGALLANES &amp; ELCANO 500. DE LA CIRCUNNAVEGACI\u00d3N A LA GLOBALIZACI\u00d3N<\/strong><\/h4>\n<p>Para celebrar el V Centenario de la Circunnavegaci\u00f3n de la Tierra y a sus h\u00e9roes, as\u00ed como el invaluable legado material y cultural que la \u00c9poca de los Descubrimientos hered\u00f3 a la Humanidad, el n\u00famero especial 2019 de la revista AIC re\u00fane art\u00edculos de disciplinas como la literatura comparada, la ling\u00fc\u00edstica, la historiograf\u00eda, los estudios coloniales y poscoloniales o las ciencias de la educaci\u00f3n, firmados por especialistas de Portugal, Espa\u00f1a, Brasil, Argentina, Grecia y Ruman\u00eda.<\/p>\n<p>Los 500 a\u00f1os que transcurrieron desde que el portugu\u00e9s Fernando de Magallanes y el espa\u00f1ol Sebasti\u00e1n Elcano embarcaron en la que se considera la mayor haza\u00f1a n\u00e1utica de la historia han cambiado por completo y para siempre la forma de entender el mundo. La expedici\u00f3n naval que regres\u00f3 a suelo espa\u00f1ol despu\u00e9s de tres a\u00f1os de viaje (1519-1522) hab\u00eda logrado no solo encontrar una nueva ruta a las tan codiciadas islas de las Especias, sino que adem\u00e1s acab\u00f3 confirmando que la Tierra es redonda. Esa traves\u00eda transcendental abri\u00f3 definitivamente el camino al mundo globalizado, impulsando el acercamiento entre los distintos pa\u00edses y continentes, ensanchando el horizonte cultural y propiciando la difusi\u00f3n e intercambio de nuevas ideas.<\/p>\n<p><img decoding=\"async\" loading=\"lazy\" class=\"aligncenter wp-image-915\" src=\"http:\/\/literaturacomparata.ro\/aic\/wp-content\/uploads\/2016\/10\/97494330-ship-steering-wheel-and-compass-rose-navigation-symbol-or-logo-isolated-on-white-background-vector-i.jpg\" alt=\"\" width=\"56\" height=\"56\" \/><\/p>\n<hr \/>\n<h4 style=\"text-align: left;\" align=\"center\"><strong>MAGALH\u00c3ES &amp; ELCANO 500. DA CIRCUM-NAVEGA\u00c7\u00c3O \u00c0 GLOBALIZA\u00c7\u00c3O<\/strong><\/h4>\n<p>Para celebrar o V Centen\u00e1rio da Circum-navega\u00e7\u00e3o da Terra e os seus protagonistas, assim como o inestim\u00e1vel esp\u00f3lio material e cultural herdado pela Humanidade da \u00c9poca dos Descobrimentos, o n\u00famero especial de 2019 da revista AIC re\u00fane estudos das \u00e1reas de literatura comparada, lingu\u00edstica, historiografia, estudos coloniais e p\u00f3s-coloniais, ci\u00eancias da educa\u00e7\u00e3o, assinados por especialistas de Portugal, Brasil, Argentina, Gr\u00e9cia e Rom\u00e9nia.<\/p>\n<p>Os 500 anos que passaram, desde que o portugu\u00eas Fern\u00e3o de Magalh\u00e3es e o espanhol Juan Sebasti\u00e1n Elcano embarcaram no que se considera a maior fa\u00e7anha n\u00e1utica da Hist\u00f3ria, mudaram \u2013 completamente e para sempre \u2013 a maneira de compreender o mundo. A expedi\u00e7\u00e3o naval, que chegou ao solo espanhol ap\u00f3s tr\u00eas anos de viagem (1519-1522), conseguiu n\u00e3o apenas uma nova rota para as t\u00e3o cobi\u00e7adas \u201cilhas das especiarias\u201d, mas tamb\u00e9m a comprova\u00e7\u00e3o de que a Terra era redonda. Este trajecto transcendental abriu definitivamente o caminho ao mundo globalizado, impulsionando a aproxima\u00e7\u00e3o entre pa\u00edses e continentes estranhos, estendendo o horizonte cultural e proporcionando a difus\u00e3o e o interc\u00e2mbio de novas ideias.<\/p>\n<hr \/>\n<h4 align=\"center\"><strong>Cuprins<br \/>\n<\/strong><\/h4>\n<p>Laura CIOCHIN\u0102-CARASEVICI<br \/>\n<a href=\"http:\/\/literaturacomparata.ro\/Site_Acta\/issues\/aic-special19\/01_Ciochina_Layout%201.pdf\">Fernando Pessoa (traducere \u00een limba rom\u00e2n\u0103)<\/a><\/p>\n<p>Ana Maria ALVES<br \/>\n<a href=\"http:\/\/literaturacomparata.ro\/Site_Acta\/issues\/aic-special19\/02%20Alves_Layout%201.pdf\">Magellan vu par Stefan Zweig. M\u00e9moire d\u2019un voyage\/pr\u00e9lude d\u2019un exil<\/a><\/p>\n<p>Rosanne EVANGELISTA DIAS<br \/>\n<a href=\"http:\/\/literaturacomparata.ro\/Site_Acta\/issues\/aic-special19\/03%20Dias_Layout%201.pdf\">Curr\u00edculo: fluxos culturais e processos de significa\u00e7\u00e3o<\/a><\/p>\n<p>Silvana N. FERN\u00c1NDEZ<br \/>\n<a href=\"http:\/\/literaturacomparata.ro\/Site_Acta\/issues\/aic-special19\/04_Fernandez_Layout%201.pdf\">Fabulosas, militantes y calamitosamente triunfantes: figuraciones geogr\u00e1ficas en \u201cGeography and Some Explorers\u201d, de Joseph Conrad<\/a><\/p>\n<p>Xos\u00e9 Ram\u00f3n FREIXEIRO MATO<br \/>\n<a href=\"http:\/\/literaturacomparata.ro\/Site_Acta\/issues\/aic-special19\/05_Mato_Layout%201.pdf\">Elabora\u00e7\u00e3o da l\u00edngua e binormativismo na Galiza<\/a><\/p>\n<p>Elena LOMBARDO &amp; Filipe ALVES MOREIRA<br \/>\n<a href=\"http:\/\/literaturacomparata.ro\/Site_Acta\/issues\/aic-special19\/06_Lombardo%20Moreira_Layout%201.pdf\">Edi\u00e7\u00e3o de cr\u00f3nicas e relatos sobre D. Sebasti\u00e3o: balan\u00e7o e perspetivas<\/a><\/p>\n<p>Maria Lu\u00edsa MALATO<br \/>\n<a href=\"http:\/\/literaturacomparata.ro\/Site_Acta\/issues\/aic-special19\/07_Malato_Layout%201.pdf\">A Literatura-Mundo e O ano em que Pigafetta completou a circum-navega\u00e7\u00e3o<\/a><\/p>\n<p>Maria de F\u00e1tima MARINHO<br \/>\n<a href=\"http:\/\/literaturacomparata.ro\/Site_Acta\/issues\/aic-special19\/08_Marinho_Layout%201.pdf\">Esplendor e mis\u00e9ria das Descobertas<\/a><\/p>\n<p>Fernanda MENDES<br \/>\n<a href=\"http:\/\/literaturacomparata.ro\/Site_Acta\/issues\/aic-special19\/09_Mendes_Layout%201.pdf\">O descobrimento da Am\u00e9rica na historiografia \u00e1rabe medieval:\u00a0a pol\u00eamica sobre o poss\u00edvel pioneirismo mu\u00e7ulmano<\/a><\/p>\n<p>Jos\u00e9 Carlos RIBEIRO MIRANDA<br \/>\n<a href=\"http:\/\/literaturacomparata.ro\/Site_Acta\/issues\/aic-special19\/10%20Miranda_Layout%201.pdf\">Uma aventura mar\u00edtima no Livro de Linhagens do Conde D. Pedro<\/a><\/p>\n<p>Pedro MONTEIRO<br \/>\n<a href=\"http:\/\/literaturacomparata.ro\/Site_Acta\/issues\/aic-special19\/11%20Monteiro_Layout%201.pdf\">Mem\u00f3ria Cultural e Livros de Cavalarias Quinhentistas \u2013<\/a><br \/>\naproxima\u00e7\u00e3o a uma poss\u00edvel abordagem metodol\u00f3gica<\/p>\n<p>Ant\u00f3nio RESENDE de OLIVEIRA<br \/>\n<a href=\"http:\/\/literaturacomparata.ro\/Site_Acta\/issues\/aic-special19\/12%20Oliveira_Layout%201.pdf\">A primeira vida de Paio Gomes Charinho, trovador e almirante do mar<\/a><\/p>\n<p>Roberto RODR\u00cdGUEZ MIL\u00c1N<br \/>\n<a href=\"http:\/\/literaturacomparata.ro\/Site_Acta\/issues\/aic-special19\/13%20Milan_Layout%201.pdf\">Las Luces y el Negro: reflexiones ilustradas sobre la esclavitud en la Am\u00e9rica espa\u00f1ola<\/a><\/p>\n<p>Xos\u00e9 Manuel S\u00c1NCHEZ REI<br \/>\n<a href=\"http:\/\/literaturacomparata.ro\/Site_Acta\/issues\/aic-special19\/14%20Rei_Layout%201.pdf\">Sociosintaxe. Perspectivas hist\u00f3ricas sobre a calidade da lingua no galego desde o \u00e1mbito sint\u00e1ctico<\/a><\/p>\n<p>Rafaela C\u00c2MARA SIM\u00d5ES da SILVA<br \/>\n<a href=\"http:\/\/literaturacomparata.ro\/Site_Acta\/issues\/aic-special19\/15%20Silva_Layout%201.pdf\">A Barca de Salom\u00e3o: uma releitura b\u00edblica<\/a><\/p>\n<p>Lavinia SIMILARU<br \/>\n<a href=\"http:\/\/literaturacomparata.ro\/Site_Acta\/issues\/aic-special19\/16%20Similaru_Layout%201.pdf\">Ecos galdosianos en <em>Historia de un amor turbio<\/em> de Horacio Quiroga<\/a><\/p>\n<hr \/>\n<p><strong><a href=\"http:\/\/literaturacomparata.ro\/Site_Acta\/issues\/aic-special19\/AIC_SI2_2019_FULL.pdf\">Special Issue 2019<\/a> (PDF)<\/strong>.<\/p>\n","protected":false},"excerpt":{"rendered":"<p>ACTA IASSYENSIA COMPARATIONIS, SPECIAL ISSUE 2019 MAGELLAN &amp; ELCANO 500. DE LA CIRCUMNAVIGARE LA GLOBALIZARE Pentru a s\u0103rb\u0103tori al V-lea centenar al circumnavig\u0103rii P\u0103m\u00e2ntului, pe eroii acestei aventuri, dar \u015fi patrimoniul cultural \u015fi material inestimabil l\u0103sat omenirii de Epoca Marilor Descoperiri Geografice, num\u0103rul special 2019 al revistei AIC reune\u015fte lucr\u0103ri din domeniile literatur\u0103 comparat\u0103, lingvistic\u0103, &hellip; <a href=\"https:\/\/literaturacomparata.ro\/aic\/?page_id=1022&#038;lang=ro\" class=\"more-link\">Continue reading <span class=\"screen-reader-text\">Num\u0103r Special 2019<\/span> <span class=\"meta-nav\">&rarr;<\/span><\/a><\/p>\n","protected":false},"author":1,"featured_media":0,"parent":187,"menu_order":4,"comment_status":"closed","ping_status":"closed","template":"","meta":[],"_links":{"self":[{"href":"https:\/\/literaturacomparata.ro\/aic\/index.php?rest_route=\/wp\/v2\/pages\/1022"}],"collection":[{"href":"https:\/\/literaturacomparata.ro\/aic\/index.php?rest_route=\/wp\/v2\/pages"}],"about":[{"href":"https:\/\/literaturacomparata.ro\/aic\/index.php?rest_route=\/wp\/v2\/types\/page"}],"author":[{"embeddable":true,"href":"https:\/\/literaturacomparata.ro\/aic\/index.php?rest_route=\/wp\/v2\/users\/1"}],"replies":[{"embeddable":true,"href":"https:\/\/literaturacomparata.ro\/aic\/index.php?rest_route=%2Fwp%2Fv2%2Fcomments&post=1022"}],"version-history":[{"count":4,"href":"https:\/\/literaturacomparata.ro\/aic\/index.php?rest_route=\/wp\/v2\/pages\/1022\/revisions"}],"predecessor-version":[{"id":1515,"href":"https:\/\/literaturacomparata.ro\/aic\/index.php?rest_route=\/wp\/v2\/pages\/1022\/revisions\/1515"}],"up":[{"embeddable":true,"href":"https:\/\/literaturacomparata.ro\/aic\/index.php?rest_route=\/wp\/v2\/pages\/187"}],"wp:attachment":[{"href":"https:\/\/literaturacomparata.ro\/aic\/index.php?rest_route=%2Fwp%2Fv2%2Fmedia&parent=1022"}],"curies":[{"name":"wp","href":"https:\/\/api.w.org\/{rel}","templated":true}]}}

Număr Special 2019

<h4 style="text-align: left;" align="center"><strong>ACTA IASSYENSIA COMPARATIONIS, SPECIAL ISSUE</strong><strong> 2019<br />
MAGELLAN &amp; ELCANO 500. DE LA CIRCUMNAVIGARE LA GLOBALIZARE<br />
</strong></h4>
<hr />
<p><a href="http://literaturacomparata.ro/Site_Acta/issues/aic-special19/AIC_SI2_2019_FULL.pdf" target="_blank" rel="noopener noreferrer"><img decoding="async" loading="lazy" class="alignleft wp-image-1013 size-full" src="http://literaturacomparata.ro/aic/wp-content/uploads/2019/11/Cover-Special2019-1.png" alt="" width="216" height="305" srcset="https://literaturacomparata.ro/aic/wp-content/uploads/2019/11/Cover-Special2019-1.png 216w, https://literaturacomparata.ro/aic/wp-content/uploads/2019/11/Cover-Special2019-1-212x300.png 212w" sizes="(max-width: 216px) 100vw, 216px" /></a>Pentru a sărbători al V-lea centenar al circumnavigării Pământului, pe eroii acestei aventuri, dar şi patrimoniul cultural şi material inestimabil lăsat omenirii de Epoca Marilor Descoperiri Geografice, numărul special 2019 al revistei AIC reuneşte lucrări din domeniile literatură comparată, lingvistică, istoriografie, studii coloniale şi postcoloniale, ştiinţe ale educaţiei, semnate de specialişti din Portugalia, Brazilia, Argentina, Grecia şi România.</p>
<p>Cei 500 de ani care au trecut, de când portughezul Fernão de Magalhães şi spaniolul Juan Sebastián Elcano au întreprins cea mai spectaculoasă aventură nautică din istorie, au schimbat – complet şi pentru totdeauna – felul în care înţelegem lumea. Expediţia navală, care a revenit pe teritoriul Spaniei după o călătorie de trei ani (1519-1522), a reuşit nu numai să găsească o nouă cale spre râvnitele „insule ale mirodeniilor”, ci să şi confirme că Pământul este sferic. Această călătorie istorică a deschis calea către lumea globalizată, apropiind ţări şi continente, lărgind orizontul cultural şi încurajând difuziunea şi schimbul de noi idei.</p>
<p><img decoding="async" loading="lazy" class="aligncenter wp-image-915" src="http://literaturacomparata.ro/aic/wp-content/uploads/2016/10/97494330-ship-steering-wheel-and-compass-rose-navigation-symbol-or-logo-isolated-on-white-background-vector-i.jpg" alt="" width="56" height="56" /></p>
<hr />
<h4 style="text-align: left;" align="center"><strong>MAGALLANES &amp; ELCANO 500. DE LA CIRCUNNAVEGACIÓN A LA GLOBALIZACIÓN</strong></h4>
<p>Para celebrar el V Centenario de la Circunnavegación de la Tierra y a sus héroes, así como el invaluable legado material y cultural que la Época de los Descubrimientos heredó a la Humanidad, el número especial 2019 de la revista AIC reúne artículos de disciplinas como la literatura comparada, la lingüística, la historiografía, los estudios coloniales y poscoloniales o las ciencias de la educación, firmados por especialistas de Portugal, España, Brasil, Argentina, Grecia y Rumanía.</p>
<p>Los 500 años que transcurrieron desde que el portugués Fernando de Magallanes y el español Sebastián Elcano embarcaron en la que se considera la mayor hazaña náutica de la historia han cambiado por completo y para siempre la forma de entender el mundo. La expedición naval que regresó a suelo español después de tres años de viaje (1519-1522) había logrado no solo encontrar una nueva ruta a las tan codiciadas islas de las Especias, sino que además acabó confirmando que la Tierra es redonda. Esa travesía transcendental abrió definitivamente el camino al mundo globalizado, impulsando el acercamiento entre los distintos países y continentes, ensanchando el horizonte cultural y propiciando la difusión e intercambio de nuevas ideas.</p>
<p><img decoding="async" loading="lazy" class="aligncenter wp-image-915" src="http://literaturacomparata.ro/aic/wp-content/uploads/2016/10/97494330-ship-steering-wheel-and-compass-rose-navigation-symbol-or-logo-isolated-on-white-background-vector-i.jpg" alt="" width="56" height="56" /></p>
<hr />
<h4 style="text-align: left;" align="center"><strong>MAGALHÃES &amp; ELCANO 500. DA CIRCUM-NAVEGAÇÃO À GLOBALIZAÇÃO</strong></h4>
<p>Para celebrar o V Centenário da Circum-navegação da Terra e os seus protagonistas, assim como o inestimável espólio material e cultural herdado pela Humanidade da Época dos Descobrimentos, o número especial de 2019 da revista AIC reúne estudos das áreas de literatura comparada, linguística, historiografia, estudos coloniais e pós-coloniais, ciências da educação, assinados por especialistas de Portugal, Brasil, Argentina, Grécia e Roménia.</p>
<p>Os 500 anos que passaram, desde que o português Fernão de Magalhães e o espanhol Juan Sebastián Elcano embarcaram no que se considera a maior façanha náutica da História, mudaram – completamente e para sempre – a maneira de compreender o mundo. A expedição naval, que chegou ao solo espanhol após três anos de viagem (1519-1522), conseguiu não apenas uma nova rota para as tão cobiçadas “ilhas das especiarias”, mas também a comprovação de que a Terra era redonda. Este trajecto transcendental abriu definitivamente o caminho ao mundo globalizado, impulsionando a aproximação entre países e continentes estranhos, estendendo o horizonte cultural e proporcionando a difusão e o intercâmbio de novas ideias.</p>
<hr />
<h4 align="center"><strong>Cuprins<br />
</strong></h4>
<p>Laura CIOCHINĂ-CARASEVICI<br />
<a href="http://literaturacomparata.ro/Site_Acta/issues/aic-special19/01_Ciochina_Layout%201.pdf">Fernando Pessoa (traducere în limba română)</a></p>
<p>Ana Maria ALVES<br />
<a href="http://literaturacomparata.ro/Site_Acta/issues/aic-special19/02%20Alves_Layout%201.pdf">Magellan vu par Stefan Zweig. Mémoire d’un voyage/prélude d’un exil</a></p>
<p>Rosanne EVANGELISTA DIAS<br />
<a href="http://literaturacomparata.ro/Site_Acta/issues/aic-special19/03%20Dias_Layout%201.pdf">Currículo: fluxos culturais e processos de significação</a></p>
<p>Silvana N. FERNÁNDEZ<br />
<a href="http://literaturacomparata.ro/Site_Acta/issues/aic-special19/04_Fernandez_Layout%201.pdf">Fabulosas, militantes y calamitosamente triunfantes: figuraciones geográficas en “Geography and Some Explorers”, de Joseph Conrad</a></p>
<p>Xosé Ramón FREIXEIRO MATO<br />
<a href="http://literaturacomparata.ro/Site_Acta/issues/aic-special19/05_Mato_Layout%201.pdf">Elaboração da língua e binormativismo na Galiza</a></p>
<p>Elena LOMBARDO &amp; Filipe ALVES MOREIRA<br />
<a href="http://literaturacomparata.ro/Site_Acta/issues/aic-special19/06_Lombardo%20Moreira_Layout%201.pdf">Edição de crónicas e relatos sobre D. Sebastião: balanço e perspetivas</a></p>
<p>Maria Luísa MALATO<br />
<a href="http://literaturacomparata.ro/Site_Acta/issues/aic-special19/07_Malato_Layout%201.pdf">A Literatura-Mundo e O ano em que Pigafetta completou a circum-navegação</a></p>
<p>Maria de Fátima MARINHO<br />
<a href="http://literaturacomparata.ro/Site_Acta/issues/aic-special19/08_Marinho_Layout%201.pdf">Esplendor e miséria das Descobertas</a></p>
<p>Fernanda MENDES<br />
<a href="http://literaturacomparata.ro/Site_Acta/issues/aic-special19/09_Mendes_Layout%201.pdf">O descobrimento da América na historiografia árabe medieval: a polêmica sobre o possível pioneirismo muçulmano</a></p>
<p>José Carlos RIBEIRO MIRANDA<br />
<a href="http://literaturacomparata.ro/Site_Acta/issues/aic-special19/10%20Miranda_Layout%201.pdf">Uma aventura marítima no Livro de Linhagens do Conde D. Pedro</a></p>
<p>Pedro MONTEIRO<br />
<a href="http://literaturacomparata.ro/Site_Acta/issues/aic-special19/11%20Monteiro_Layout%201.pdf">Memória Cultural e Livros de Cavalarias Quinhentistas –</a><br />
aproximação a uma possível abordagem metodológica</p>
<p>António RESENDE de OLIVEIRA<br />
<a href="http://literaturacomparata.ro/Site_Acta/issues/aic-special19/12%20Oliveira_Layout%201.pdf">A primeira vida de Paio Gomes Charinho, trovador e almirante do mar</a></p>
<p>Roberto RODRÍGUEZ MILÁN<br />
<a href="http://literaturacomparata.ro/Site_Acta/issues/aic-special19/13%20Milan_Layout%201.pdf">Las Luces y el Negro: reflexiones ilustradas sobre la esclavitud en la América española</a></p>
<p>Xosé Manuel SÁNCHEZ REI<br />
<a href="http://literaturacomparata.ro/Site_Acta/issues/aic-special19/14%20Rei_Layout%201.pdf">Sociosintaxe. Perspectivas históricas sobre a calidade da lingua no galego desde o ámbito sintáctico</a></p>
<p>Rafaela CÂMARA SIMÕES da SILVA<br />
<a href="http://literaturacomparata.ro/Site_Acta/issues/aic-special19/15%20Silva_Layout%201.pdf">A Barca de Salomão: uma releitura bíblica</a></p>
<p>Lavinia SIMILARU<br />
<a href="http://literaturacomparata.ro/Site_Acta/issues/aic-special19/16%20Similaru_Layout%201.pdf">Ecos galdosianos en <em>Historia de un amor turbio</em> de Horacio Quiroga</a></p>
<hr />
<p><strong><a href="http://literaturacomparata.ro/Site_Acta/issues/aic-special19/AIC_SI2_2019_FULL.pdf">Special Issue 2019</a> (PDF)</strong>.</p>

<p>ACTA IASSYENSIA COMPARATIONIS, SPECIAL ISSUE 2019 MAGELLAN &amp; ELCANO 500. DE LA CIRCUMNAVIGARE LA GLOBALIZARE Pentru a sărbători al V-lea centenar al circumnavigării Pământului, pe eroii acestei aventuri, dar şi patrimoniul cultural şi material inestimabil lăsat omenirii de Epoca Marilor Descoperiri Geografice, numărul special 2019 al revistei AIC reuneşte lucrări din domeniile literatură comparată, lingvistică, &hellip; <a href="https://literaturacomparata.ro/aic/?page_id=1022&#038;lang=ro" class="more-link">Continue reading <span class="screen-reader-text">Număr Special 2019</span> <span class="meta-nav">&rarr;</span></a></p>
